e units digit of q(-1)?
1
Let i(v) = 30*v - 5. What is the hundreds digit of i(4)?
1
Let f(k) = 2*k + 3. What is the tens digit of f(8)?
1
Suppose 5*r - 2*r + 5*j - 227 = 0, -73 = -r + j. What is the units digit of r?
4
Let c = -7 - -4. Let t = 5 - c. What is the units digit of t?
8
Suppose 5*d = -3*g - 3, g + g - 4*d + 2 = 0. Let z = g - -3. What is the units digit of z?
2
Let v = -9 + 14. Suppose 4*q + 6 = -w + 17, 2*q - 19 = -v*w. Suppose w*t - 29 = -2. What is the units digit of t?
9
Let s = 82 - 51. What is the units digit of s?
1
Let v(p) = 14*p**2 + p - 7. What is the tens digit of v(3)?
2
Let k(j) = -j**2 - 3*j + 2. Let l(s) = -3*s**2 - 7*s + 5. Let c(q) = 5*k(q) - 2*l(q). What is the units digit of c(4)?
2
Suppose -2*l - 2 = 2*m, l + 3 = 4*m + 2. What is the units digit of -1*(0 - l) + 13?
2
Suppose 0 = 3*c - 15, -c = -3*z + 3*c - 11. Let f(k) = k**2 - z*k**2 + 3*k**2. What is the units digit of f(3)?
9
Let z be 2 - (-8)/(0 + 2). Let x be ((-9)/4)/(z/(-80)). Suppose -3*j + x = -j. What is the tens digit of j?
1
Suppose 2*i = 6*i. Suppose 4*o - u - 16 - 28 = 0, -u + 4 = i. What is the units digit of o?
2
Let b = -39 + 57. What is the tens digit of b?
1
Suppose -2*k - 2*b = -190, 3*k - 29 - 232 = 3*b. What is the tens digit of k?
9
Let b(c) be the second derivative of c**4/6 - 5*c**3/3 + 8*c. What is the tens digit of b(8)?
4
Suppose -2*h = -h - 6. Suppose 2*r - h = -r. What is the units digit of r - (-1 - -3 - 9)?
9
Let v(k) = k**3 + 5*k**2 + 3*k. Let u be 4/6*(-21)/(-14). Let x(y) = -4*y**3 + y**2 - y. Let t be x(u). What is the units digit of v(t)?
4
Let r(b) = -2*b - 7. Let s be r(-10). Let t = -6 + s. What is the units digit of t?
7
Suppose -8 = 3*k - 5*d + 3*d, 0 = -4*k - 4*d - 24. Let b(j) = -18*j**2 - j + 19*j**2 + 2*j - 3. What is the units digit of b(k)?
9
Let q(h) = h**3 - 5*h**2 - 5*h - 3. Let w be q(6). Let n = w - 6. What is the tens digit of (-3)/(-9) - 41/n?
1
Let y(n) be the third derivative of n**6/120 - n**4/6 + n**3/6 - n**2. What is the tens digit of y(3)?
1
Let x = -17 + 57. What is the tens digit of x?
4
Suppose -5*h + h + 4*y + 280 = 0, -2*h = y - 152. Let f = h + -34. What is the tens digit of f?
4
Suppose -4*o - a + 4 = 23, -25 = 4*o + 3*a. Let g = 7 - o. What is the units digit of g?
1
What is the units digit of 1*(-20)/(1 - (-8)/(-4))?
0
Let t(u) = u**3 + 8*u**2 - u - 6. Let h be t(-6). Suppose -4*z + 4*d = -h, 3*d - d - 2 = 0. What is the tens digit of z?
1
Let x(q) = 6*q**3 - 1. Let g(i) be the third derivative of i**6/120 + i**5/60 - i**4/12 + i**3/6 + 2*i**2. Let j be g(1). What is the units digit of x(j)?
5
Let o = 285 - 101. What is the units digit of o?
4
Suppose -2*w = 2*w + 5*u - 99, 0 = 4*w - 5*u - 149. Let b = -20 + w. What is the tens digit of b?
1
Let o(u) = -2*u**2 - u. Let n(q) = 6*q**2 + 3*q - 1. Let i(x) = -2*n(x) - 7*o(x). Suppose 0 = -5*c - 10, 2*p = -5*c - 10 - 4. What is the units digit of i(p)?
8
Let d = 0 + 0. Suppose d*k + 2*k = -4*h - 14, -5*k + 2*h = -1. What is the units digit of (2/(-4))/(k/8)?
4
Let y be 10*-1 - (2 + -3). What is the units digit of 2/(-3) - 60/y?
6
Suppose -i = -4*i. Suppose 5*d = 2*y - 0*y - 8, i = -5*d. Suppose y*h = -4, -h - h = 5*b - 53. What is the tens digit of b?
1
Suppose -191 = -5*j + 199. What is the tens digit of j?
7
Suppose -4 = -5*o + 2*s, -8 = -4*o - 5*s + 15. Suppose 5*r = o*q - 46, r = 2*q - 0*r - 30. What is the units digit of q?
3
Suppose 0 = n - 3*c - 19, 2*c = -2*n + 3*c + 13. What is the units digit of n?
4
Let u(s) = 6*s - 20. What is the units digit of u(8)?
8
Let p be ((-20)/25)/((-4)/250). Suppose -28*k - p = -30*k. What is the tens digit of k?
2
Let q(b) be the second derivative of b**4/12 + b**3/6 + b**2/2 - 2*b. Let p be q(0). What is the units digit of (4/(-12))/(p/(-12))?
4
Let q(k) be the second derivative of 0 + 1/20*k**5 - 1/2*k**3 - k**2 + 7/12*k**4 - k. What is the units digit of q(-7)?
9
Let b = -3 + 6. Let t(u) = u + 1. Let q(h) = h**2 - 4*h. Let d(j) = q(j) + 3*t(j). What is the units digit of d(b)?
9
Suppose -3*b + 1386 = 3*b. What is the units digit of b/4 + 2/8?
8
Let b(i) = 5*i - 2. Let s be b(1). Suppose -3*u = -5*q - 5*u + 143, -2*u + 85 = s*q. What is the units digit of q?
9
Let v = 4 - 1. Let h(r) = r**3 - 3*r**2 + 1. Let z be h(v). Suppose -z = g - 5. What is the units digit of g?
4
Let v(j) = j**3 + 2*j**2 - 4*j + 1. Let k be v(-4). What is the units digit of (-3 - -13)*(-6)/k?
4
Suppose 2*p - 18 = -0*p. What is the units digit of 83/p + 6/(-27)?
9
Suppose 3*h - 5*h - 4*g + 34 = 0, h + 5*g = 20. Let s be (-21)/h - 4/(-10). What is the units digit of s*2 + 16/4?
2
Suppose 395 = 2*p + 3*p. What is the tens digit of p?
7
Suppose -z - 13 + 5 = 0. What is the units digit of (-3 + 5)/(-2)*z?
8
Suppose -5*g + 15 - 40 = 0. Let f be 2/(-4) + g/2. Let t = 13 + f. What is the units digit of t?
0
Let i = -6 - -6. Suppose -5*d + 4*z - 6 = i, -d + 2*z - 5*z + 14 = 0. What is the units digit of d?
2
Suppose 5*m - 5*h - 385 = 0, 4*m + 61 - 383 = -3*h. What is the tens digit of m?
7
Suppose 4*y - 3*y = -q - 9, -3*y - 12 = 0. Let o be 2 + q + (-108)/(-4). Let x = 43 - o. What is the tens digit of x?
1
Suppose -63 = -k + 3*u, 2*u - 223 = -3*k - 89. What is the units digit of k?
8
Suppose 0 = 6*b - 0*b - 1572. What is the hundreds digit of b?
2
Suppose 1087 = 5*h + 4*g, -4*h - g = -4*g - 851. What is the hundreds digit of h?
2
Suppose -3*j + 1 = -11. Let c(a) = -a - 1. Let d(f) = -4*f - 3. Let n(x) = 6*c(x) - 2*d(x). What is the units digit of n(j)?
8
Let k = 12 + -7. Suppose 3*j = -k*w + 110, -5*j - 106 = -8*j - w. What is the tens digit of j?
3
Suppose -2*g + 9 + 89 = 0. What is the tens digit of g?
4
Suppose 600 = 3*q + 5*q. What is the units digit of q?
5
Suppose 0 = 3*m - c - 4, 6*m + c = m - 4. Suppose -2*v + 60 = 3*v - 5*x, v - 4*x - 9 = m. What is the tens digit of v?
1
Suppose 2*i = 2*o, -3*i + 12 = 3*o - 6. Suppose 3*x + x + 16 = 0, o*l + 4*x - 38 = 0. What is the tens digit of l?
1
Let s = -22 + 29. What is the units digit of s?
7
Let s(x) = 11*x**2 + 5*x + 2. Let d be s(-3). Let r = d - 26. Suppose l + 3*t + 5 = 0, -5*l + 0*l + 2*t = -r. What is the units digit of l?
0
Let n = -21 - -72. What is the tens digit of n?
5
Let p be (12/8)/((-6)/(-16)). Suppose -h - 4*a - 4 = 0, h = p*h + a + 1. Suppose h = x - 6*x + 40. What is the units digit of x?
8
Let a be (7/(7/(-10)))/(-2). Suppose 0 = -a*w + y + 43, 2*w + 3*y - 15 = -w. What is the units digit of w?
8
Let r(w) = w**3 - w - 3. Let x be r(0). Suppose 30 = 5*a + c - 6*c, 6 = -a - 5*c. Let m = x + a. What is the units digit of m?
1
Let w(f) = -f**3 - 6*f**2 + 7*f + 1. Let j be w(-7). What is the tens digit of 19 - (j + -2 + 2)?
1
Let b(j) = 2*j + 2. Let l be b(-3). What is the units digit of 13 - (l - (-1 + -2))?
4
What is the units digit of (-21)/(-3*6/150)?
5
Let g(q) = -q**3 - 8*q**2 - 6*q + 4. Let h be g(-7). Let n(p) = -5*p + 1. Let c be n(-1). Let r = c + h. What is the units digit of r?
3
Let p = 6 - 4. Let w = 3 - p. What is the units digit of ((-40)/16)/(w/(-2))?
5
Let l(d) = 4*d - 3. Let q be l(2). Suppose 0 = -n + 3*t + q, -5*n - t = -2*n - 5. What is the units digit of n?
2
Suppose 0 = -10*a + 5*a + 350. What is the units digit of a?
0
Let o = 36 - 69. Let w = o + 48. Suppose 2*p + r = w + 10, -p = -3*r - 2. What is the units digit of p?
1
Let v(f) = f**2 + 6*f + 12. Let h be v(-9). What is the units digit of 1/((3/h)/1)?
3
Suppose 2*o + 4*t = -22, -7 = -3*o + 3*t + t. Suppose 3*q + 9 = 33. Let c = q + o. What is the units digit of c?
5
Let l be (-5)/(-15) - 28/(-6). Suppose 0 = -r - 4*r + l. What is the units digit of r?
1
Suppose -2*r - 3*r + 25 = 0. Suppose -r*n + 45 = -2*q, 3*n - 5*q = -n + 36. Let b = 3 + n. What is the tens digit of b?
1
Let o(k) = k + 5. Let i be o(6). Let a = -5 + i. What is the units digit of a?
6
Suppose -3*i - 4*g = -105, 0 = -5*i - 3*g + 33 + 131. What is the tens digit of i?
3
Let m = -1 + 9. Suppose 130 = m*x - 3*x. What is the tens digit of x?
2
Let s(r) = r**2 - r. Let y = 54 - 37. Suppose 3*l + 15 = -0*l + p, -5*l - p = y. What is the tens digit of s(l)?
2
Let d(b) = -9*b - 6. What is the units digit of d(-5)?
9
Suppose q + 0*q + 46 = 0. Let j = 68 + q. What is the tens digit of j?
2
Suppose 2 = 2*z - 70. What is the tens dig